{"id":183,"date":"2025-12-23T18:25:34","date_gmt":"2025-12-23T18:25:34","guid":{"rendered":"http:\/\/www.celsyus.effiscience.paris\/?page_id=183"},"modified":"2026-04-24T13:22:38","modified_gmt":"2026-04-24T13:22:38","slug":"body-contouring-a-paris","status":"publish","type":"page","link":"http:\/\/www.celsyus.effiscience.paris\/index.php\/body-contouring-a-paris\/","title":{"rendered":"Body contouring \u00e0 Paris &#8211; Les soins"},"content":{"rendered":"\n<div class=\"wp-block-cover alignwide\" style=\"min-height:100vh;aspect-ratio:unset;\"><img loading=\"lazy\" decoding=\"async\" width=\"1536\" height=\"1024\" class=\"wp-block-cover__image-background wp-image-538 size-full\" alt=\"Body contouring \u00e0 Paris amincissement cellulite mad\u00e9roth\u00e9rapie cryolipolyse drainage renata fran\u00e7a\" src=\"http:\/\/www.celsyus.effiscience.paris\/wp-content\/uploads\/2026\/02\/Pratique-de-yoga-dans-une-studio-chauffe-1.jpeg\" data-object-fit=\"cover\" srcset=\"http:\/\/www.celsyus.effiscience.paris\/wp-content\/uploads\/2026\/02\/Pratique-de-yoga-dans-une-studio-chauffe-1.jpeg 1536w, http:\/\/www.celsyus.effiscience.paris\/wp-content\/uploads\/2026\/02\/Pratique-de-yoga-dans-une-studio-chauffe-1-300x200.jpeg 300w, http:\/\/www.celsyus.effiscience.paris\/wp-content\/uploads\/2026\/02\/Pratique-de-yoga-dans-une-studio-chauffe-1-1024x683.jpeg 1024w, http:\/\/www.celsyus.effiscience.paris\/wp-content\/uploads\/2026\/02\/Pratique-de-yoga-dans-une-studio-chauffe-1-768x512.jpeg 768w\" sizes=\"auto, (max-width: 1536px) 100vw, 1536px\" \/><span aria-hidden=\"true\" class=\"wp-block-cover__background has-background-dim\" style=\"background-color:#7c553f\"><\/span><div class=\"wp-block-cover__inner-container is-layout-constrained wp-block-cover-is-layout-constrained\">\n<h4 class=\"wp-block-heading has-text-align-center\" id=\"h-body-contouring-a-paris\">BODY CONTOURING A PARIS<\/h4>\n\n\n\n<div style=\"height:100px\" aria-hidden=\"true\" class=\"wp-block-spacer\"><\/div>\n\n\n\n<h6 class=\"wp-block-heading has-text-align-center has-large-font-size\" id=\"h-sculpt-your-body\">Sculpt your body<\/h6>\n\n\n\n<h5 class=\"wp-block-heading has-text-align-center has-large-font-size\" id=\"h-own-your-confidence\">Own your confidence<\/h5>\n\n\n\n<div style=\"height:100px\" aria-hidden=\"true\" class=\"wp-block-spacer\"><\/div>\n\n\n\n<p>D\u00e9couvrez nos soins de body contouring \u00e0&nbsp;Paris, con\u00e7us pour sublimer les effets de votre pratique sportive et r\u00e9v\u00e9ler une silhouette plus ferme, plus lisse et plus harmonieuse.<br>Nos protocoles sur mesure ciblent les rondeurs localis\u00e9es, la r\u00e9tention d\u2019eau, le rel\u00e2chement cutan\u00e9 et la cellulite install\u00e9e pour acc\u00e9l\u00e9rer visiblement vos r\u00e9sultats.<\/p>\n\n\n\n<div class=\"wp-block-buttons is-content-justification-center is-layout-flex wp-container-core-buttons-is-layout-a89b3969 wp-block-buttons-is-layout-flex\">\n<div class=\"wp-block-button\"><a class=\"wp-block-button__link wp-element-button\" href=\"https:\/\/www.planity.com\/effiscience-paris-75006\">R\u00e9server mon bilan silhouette<\/a><\/div>\n<\/div>\n<\/div><\/div>\n\n\n\n<div class=\"wp-block-media-text alignwide has-media-on-the-right is-stacked-on-mobile\"><div class=\"wp-block-media-text__content\">\n<h2 class=\"wp-block-heading\" id=\"h-drainage-renata-franca\">Drainage Renata Fran\u00e7a<\/h2>\n\n\n\n<h3 class=\"wp-block-heading\" id=\"h-sculpt-refine-reveal\">Sculpt . Refine . Reveal<\/h3>\n\n\n\n<p>Le&nbsp;<strong>Drainage Lymphatique Renata Fran\u00e7a<\/strong>&nbsp;est une m\u00e9thode br\u00e9silienne reconnue pour ses effets visibles d\u00e8s la premi\u00e8re s\u00e9ance. Gr\u00e2ce \u00e0 des pressions fermes, un rythme soutenu et des man\u0153uvres pr\u00e9cises, ce soin stimule intens\u00e9ment le syst\u00e8me lymphatique, relance la circulation et favorise l\u2019\u00e9limination des toxines.<\/p>\n\n\n\n<p>Il aide \u00e0 r\u00e9duire la r\u00e9tention d\u2019eau, diminuer les ballonnements et affiner visiblement la silhouette, tout en procurant une sensation imm\u00e9diate de l\u00e9g\u00e8ret\u00e9.<\/p>\n\n\n\n<p>Coupl\u00e9 \u00e0 des techniques de&nbsp;<strong>mad\u00e9roth\u00e9rapie<\/strong>, il agit plus en profondeur sur les amas graisseux, am\u00e9liore l\u2019aspect de la cellulite et optimise le remodelage corporel pour une peau liss\u00e9e durablement.<\/p>\n\n\n\n<p>50 minutes &#8211; 120\u20ac<\/p>\n<\/div><figure class=\"wp-block-media-text__media\"><img loading=\"lazy\" decoding=\"async\" width=\"1024\" height=\"956\" src=\"http:\/\/www.celsyus.effiscience.paris\/wp-content\/uploads\/2026\/02\/DrainageRenataFranca-remodelage-1024x956.jpeg\" alt=\"Body contouring \u00e0 Paris - drainage et remodelage Renata Fran\u00e7a\" class=\"wp-image-473 size-full\" srcset=\"http:\/\/www.celsyus.effiscience.paris\/wp-content\/uploads\/2026\/02\/DrainageRenataFranca-remodelage-1024x956.jpeg 1024w, http:\/\/www.celsyus.effiscience.paris\/wp-content\/uploads\/2026\/02\/DrainageRenataFranca-remodelage-300x280.jpeg 300w, http:\/\/www.celsyus.effiscience.paris\/wp-content\/uploads\/2026\/02\/DrainageRenataFranca-remodelage-768x717.jpeg 768w, http:\/\/www.celsyus.effiscience.paris\/wp-content\/uploads\/2026\/02\/DrainageRenataFranca-remodelage.jpeg 1236w\" sizes=\"auto, (max-width: 1024px) 100vw, 1024px\" \/><\/figure><\/div>\n\n\n\n<div class=\"wp-block-media-text alignwide is-stacked-on-mobile\"><figure class=\"wp-block-media-text__media\"><img loading=\"lazy\" decoding=\"async\" width=\"1024\" height=\"1003\" src=\"http:\/\/www.celsyus.effiscience.paris\/wp-content\/uploads\/2026\/02\/Trusculpt-Body-Contouring-1024x1003.jpeg\" alt=\"Body contouring \u00e0 Paris - Trusculpt\" class=\"wp-image-476 size-full\" srcset=\"http:\/\/www.celsyus.effiscience.paris\/wp-content\/uploads\/2026\/02\/Trusculpt-Body-Contouring-1024x1003.jpeg 1024w, http:\/\/www.celsyus.effiscience.paris\/wp-content\/uploads\/2026\/02\/Trusculpt-Body-Contouring-300x294.jpeg 300w, http:\/\/www.celsyus.effiscience.paris\/wp-content\/uploads\/2026\/02\/Trusculpt-Body-Contouring-768x752.jpeg 768w, http:\/\/www.celsyus.effiscience.paris\/wp-content\/uploads\/2026\/02\/Trusculpt-Body-Contouring.jpeg 1148w\" sizes=\"auto, (max-width: 1024px) 100vw, 1024px\" \/><\/figure><div class=\"wp-block-media-text__content\">\n<h2 class=\"wp-block-heading\" id=\"h-deep-body-sculpt\">Deep Body Sculpt<\/h2>\n\n\n\n<h3 class=\"wp-block-heading\" id=\"h-burn-sculpt-define\">Burn . Sculpt . Define<\/h3>\n\n\n\n<p>Le&nbsp;<strong>Deep Body Sculpt<\/strong> est une technologie avanc\u00e9e de body contouring par radiofr\u00e9quence monopolaire, con\u00e7ue pour r\u00e9duire les amas graisseux localis\u00e9s de mani\u00e8re non invasive. En d\u00e9livrant une chaleur contr\u00f4l\u00e9e et uniforme, le traitement cible les cellules graisseuses en profondeur tout en respectant les tissus environnants.<\/p>\n\n\n\n<p>Cette technologie stimule le processus naturel d\u2019\u00e9limination du corps, permettant une r\u00e9duction progressive et visible des graisses sur des zones comme l\u2019abdomen, les flancs, les cuisses ou les bras.<\/p>\n\n\n\n<p>Id\u00e9al pour affiner la silhouette sans chirurgie ni \u00e9viction sociale, le <strong>Deep Body Sculpt<\/strong> offre une solution s\u00fbre, confortable et efficace pour un remodelage corporel durable. Au fil des semaines, les rondeurs s&#8217;estompent.<\/p>\n\n\n\n<p>50 minutes &#8211; 120\u20ac<\/p>\n<\/div><\/div>\n\n\n\n<div class=\"wp-block-media-text alignwide has-media-on-the-right is-stacked-on-mobile\"><div class=\"wp-block-media-text__content\">\n<h2 class=\"wp-block-heading\" id=\"h-rf-body-lift\">RF Body Lift<\/h2>\n\n\n\n<h3 class=\"wp-block-heading\" id=\"h-heat-tone-lift\">Heat . Tone . Lift<\/h3>\n\n\n\n<p>La&nbsp;<strong>radiofr\u00e9quence monopolaire <\/strong>est une technologie avanc\u00e9e qui stimule la r\u00e9g\u00e9n\u00e9ration cellulaire gr\u00e2ce \u00e0 une chaleur profonde et contr\u00f4l\u00e9e. Elle augmente la circulation sanguine, am\u00e9liore l\u2019oxyg\u00e9nation des tissus et active les m\u00e9canismes naturels de r\u00e9paration du corps.<\/p>\n\n\n\n<p>Ce traitement non invasif stimule les tissus en profondeur. Il contribue \u00e0 am\u00e9liorer l\u2019aspect des amas graisseux sous-cutan\u00e9s et favorise le raffermissement cutan\u00e9. Particuli\u00e8rement adapt\u00e9 au traitement du rel\u00e2chement cutan\u00e9 et de la cellulite, il agit par une diffusion de chaleur contr\u00f4l\u00e9e, respectueuse des tissus.<\/p>\n\n\n\n<p>Apr\u00e8s 5 s\u00e9ances hebdomadaires, la peau est visiblement raffermie, la cellulite s&#8217;estompe, le ventre post grossesse est visiblement plus lisse.<\/p>\n\n\n\n<p>40 minutes \/ 30 minutes de radiofr\u00e9quence &#8211; 100\u20ac<\/p>\n<\/div><figure class=\"wp-block-media-text__media\"><img loading=\"lazy\" decoding=\"async\" width=\"1024\" height=\"976\" src=\"https:\/\/www.celsyus.effiscience.paris\/wp-content\/uploads\/2026\/02\/Radiofrequence-corps-raffermissant-1024x976.jpeg\" alt=\"\" class=\"wp-image-482 size-full\" srcset=\"http:\/\/www.celsyus.effiscience.paris\/wp-content\/uploads\/2026\/02\/Radiofrequence-corps-raffermissant-1024x976.jpeg 1024w, http:\/\/www.celsyus.effiscience.paris\/wp-content\/uploads\/2026\/02\/Radiofrequence-corps-raffermissant-300x286.jpeg 300w, http:\/\/www.celsyus.effiscience.paris\/wp-content\/uploads\/2026\/02\/Radiofrequence-corps-raffermissant-768x732.jpeg 768w, http:\/\/www.celsyus.effiscience.paris\/wp-content\/uploads\/2026\/02\/Radiofrequence-corps-raffermissant.jpeg 1280w\" sizes=\"auto, (max-width: 1024px) 100vw, 1024px\" \/><\/figure><\/div>\n\n\n\n<div class=\"wp-block-media-text alignwide is-stacked-on-mobile\"><figure class=\"wp-block-media-text__media\"><img loading=\"lazy\" decoding=\"async\" width=\"884\" height=\"846\" src=\"https:\/\/www.celsyus.effiscience.paris\/wp-content\/uploads\/2026\/02\/Cryolipolyse.jpeg\" alt=\"\" class=\"wp-image-485 size-full\" srcset=\"http:\/\/www.celsyus.effiscience.paris\/wp-content\/uploads\/2026\/02\/Cryolipolyse.jpeg 884w, http:\/\/www.celsyus.effiscience.paris\/wp-content\/uploads\/2026\/02\/Cryolipolyse-300x287.jpeg 300w, http:\/\/www.celsyus.effiscience.paris\/wp-content\/uploads\/2026\/02\/Cryolipolyse-768x735.jpeg 768w\" sizes=\"auto, (max-width: 884px) 100vw, 884px\" \/><\/figure><div class=\"wp-block-media-text__content\">\n<h2 class=\"wp-block-heading\" id=\"h-cryolipolyse\">Cryolipolyse<\/h2>\n\n\n\n<h3 class=\"wp-block-heading\" id=\"h-freeze-reduce-define\">Freeze . Reduce . Define<\/h3>\n\n\n\n<p>La&nbsp;<strong>cryolipolyse<\/strong>&nbsp;est une technologie non invasive qui permet de r\u00e9duire durablement les amas graisseux localis\u00e9s gr\u00e2ce au froid contr\u00f4l\u00e9. En exposant les cellules graisseuses \u00e0 une temp\u00e9rature pr\u00e9cise, le traitement d\u00e9clenche leur \u00e9limination naturelle par l\u2019organisme, sans chirurgie ni \u00e9viction sociale.<\/p>\n\n\n\n<p>Id\u00e9ale pour traiter des zones localis\u00e9e comme l\u2019abdomen, les poign\u00e9es d\u2019amour, les cuisses ou le double menton, la cryolipolyse affine progressivement la silhouette et am\u00e9liore la d\u00e9finition des contours.<\/p>\n\n\n\n<p>D\u00e9di\u00e9e aux amas graisseux localis\u00e9s et volumineux, cette technologie est compl\u00e9mentaire du Deep Body Sculpt, qui cible des zones plus fines et plus \u00e9tendues.<\/p>\n\n\n\n<p>50 minutes &#8211; 120\u20ac<\/p>\n<\/div><\/div>\n\n\n\n<div class=\"wp-block-group alignfull has-text-color has-background is-layout-flow wp-block-group-is-layout-flow\" style=\"color:#000000;background-color:#ffffff\">\n<div style=\"height:64px\" aria-hidden=\"true\" class=\"wp-block-spacer\"><\/div>\n\n\n\n<p class=\"has-text-align-center has-small-font-size\" style=\"line-height:.9\"><strong>R\u00e9servez vite votre diagnostique<\/strong><\/p>\n\n\n\n<h2 class=\"wp-block-heading alignwide has-text-align-center\" id=\"schedule-a-visit\" style=\"font-size:59px;line-height:1.15\">Votre diagnostique offert pour une cure sur mesure<\/h2>\n\n\n\n<div class=\"wp-block-buttons is-content-justification-center is-layout-flex wp-container-core-buttons-is-layout-a89b3969 wp-block-buttons-is-layout-flex\">\n<div class=\"wp-block-button\"><a class=\"wp-block-button__link wp-element-button\" href=\"https:\/\/www.planity.com\/effiscience-paris-75006\">R\u00e9server mon bilan silhouette<\/a><\/div>\n<\/div>\n\n\n\n<div style=\"height:64px\" aria-hidden=\"true\" class=\"wp-block-spacer\"><\/div>\n<\/div>\n\n\n\n<p><\/p>\n","protected":false},"excerpt":{"rendered":"<p>Drainage Renata Fran\u00e7a Sculpt . Refine . Reveal Le&nbsp;Drainage Lymphatique Renata Fran\u00e7a&nbsp;est une m\u00e9thode br\u00e9silienne reconnue pour ses effets visibles [&hellip;]<\/p>\n","protected":false},"author":1,"featured_media":0,"parent":0,"menu_order":0,"comment_status":"closed","ping_status":"closed","template":"","meta":{"site-sidebar-layout":"default","site-content-layout":"","ast-site-content-layout":"default","site-content-style":"default","site-sidebar-style":"default","ast-global-header-display":"","ast-banner-title-visibility":"","ast-main-header-display":"","ast-hfb-above-header-display":"","ast-hfb-below-header-display":"","ast-hfb-mobile-header-display":"","site-post-title":"disabled","ast-breadcrumbs-content":"","ast-featured-img":"","footer-sml-layout":"","ast-disable-related-posts":"","theme-transparent-header-meta":"","adv-header-id-meta":"","stick-header-meta":"","header-above-stick-meta":"","header-main-stick-meta":"","header-below-stick-meta":"","astra-migrate-meta-layouts":"default","ast-page-background-enabled":"default","ast-page-background-meta":{"desktop":{"background-color":"var(--ast-global-color-5)","background-image":"","background-repeat":"repeat","background-position":"center center","background-size":"auto","background-attachment":"scroll","background-type":"","background-media":"","overlay-type":"","overlay-color":"","overlay-opacity":"","overlay-gradient":""},"tablet":{"background-color":"","background-image":"","background-repeat":"repeat","background-position":"center center","background-size":"auto","background-attachment":"scroll","background-type":"","background-media":"","overlay-type":"","overlay-color":"","overlay-opacity":"","overlay-gradient":""},"mobile":{"background-color":"","background-image":"","background-repeat":"repeat","background-position":"center center","background-size":"auto","background-attachment":"scroll","background-type":"","background-media":"","overlay-type":"","overlay-color":"","overlay-opacity":"","overlay-gradient":""}},"ast-content-background-meta":{"desktop":{"background-color":"var(--ast-global-color-4)","background-image":"","background-repeat":"repeat","background-position":"center center","background-size":"auto","background-attachment":"scroll","background-type":"","background-media":"","overlay-type":"","overlay-color":"","overlay-opacity":"","overlay-gradient":""},"tablet":{"background-color":"var(--ast-global-color-4)","background-image":"","background-repeat":"repeat","background-position":"center center","background-size":"auto","background-attachment":"scroll","background-type":"","background-media":"","overlay-type":"","overlay-color":"","overlay-opacity":"","overlay-gradient":""},"mobile":{"background-color":"var(--ast-global-color-4)","background-image":"","background-repeat":"repeat","background-position":"center center","background-size":"auto","background-attachment":"scroll","background-type":"","background-media":"","overlay-type":"","overlay-color":"","overlay-opacity":"","overlay-gradient":""}},"footnotes":""},"class_list":["post-183","page","type-page","status-publish","hentry"],"yoast_head":"<!-- This site is optimized with the Yoast SEO Premium plugin v26.7 (Yoast SEO v26.7) - https:\/\/yoast.com\/wordpress\/plugins\/seo\/ -->\n<title>Body contouring \u00e0 Paris - Les soins - EffiScience<\/title>\n<meta name=\"description\" content=\"D\u00e9couvrez le body contouring \u00e0 Paris chez EffiScience Paris : toutes les technologies de pointe au service de votre silhouette.\" \/>\n<meta name=\"robots\" content=\"index, follow, max-snippet:-1, max-image-preview:large, max-video-preview:-1\" \/>\n<link rel=\"canonical\" href=\"http:\/\/www.celsyus.effiscience.paris\/index.php\/body-contouring-a-paris\/\" \/>\n<meta property=\"og:locale\" content=\"en_US\" \/>\n<meta property=\"og:type\" content=\"article\" \/>\n<meta property=\"og:title\" content=\"Body contouring \u00e0 Paris - Les soins\" \/>\n<meta property=\"og:description\" content=\"D\u00e9couvrez le body contouring \u00e0 Paris chez EffiScience Paris : toutes les technologies de pointe au service de votre silhouette.\" \/>\n<meta property=\"og:url\" content=\"http:\/\/www.celsyus.effiscience.paris\/index.php\/body-contouring-a-paris\/\" \/>\n<meta property=\"og:site_name\" content=\"EffiScience\" \/>\n<meta property=\"article:publisher\" content=\"https:\/\/www.facebook.com\/EffiscienceParis\/\" \/>\n<meta property=\"article:modified_time\" content=\"2026-04-24T13:22:38+00:00\" \/>\n<meta property=\"og:image\" content=\"http:\/\/www.celsyus.effiscience.paris\/wp-content\/uploads\/2026\/02\/Pratique-de-yoga-dans-une-studio-chauffe-1.jpeg\" \/>\n<meta name=\"twitter:card\" content=\"summary_large_image\" \/>\n<meta name=\"twitter:label1\" content=\"Est. reading time\" \/>\n\t<meta name=\"twitter:data1\" content=\"4 minutes\" \/>\n<script type=\"application\/ld+json\" class=\"yoast-schema-graph\">{\"@context\":\"https:\/\/schema.org\",\"@graph\":[{\"@type\":\"WebPage\",\"@id\":\"http:\/\/www.celsyus.effiscience.paris\/index.php\/body-contouring-a-paris\/\",\"url\":\"http:\/\/www.celsyus.effiscience.paris\/index.php\/body-contouring-a-paris\/\",\"name\":\"Body contouring \u00e0 Paris - Les soins - EffiScience\",\"isPartOf\":{\"@id\":\"http:\/\/www.celsyus.effiscience.paris\/#website\"},\"primaryImageOfPage\":{\"@id\":\"http:\/\/www.celsyus.effiscience.paris\/index.php\/body-contouring-a-paris\/#primaryimage\"},\"image\":{\"@id\":\"http:\/\/www.celsyus.effiscience.paris\/index.php\/body-contouring-a-paris\/#primaryimage\"},\"thumbnailUrl\":\"http:\/\/www.celsyus.effiscience.paris\/wp-content\/uploads\/2026\/02\/Pratique-de-yoga-dans-une-studio-chauffe-1.jpeg\",\"datePublished\":\"2025-12-23T18:25:34+00:00\",\"dateModified\":\"2026-04-24T13:22:38+00:00\",\"description\":\"D\u00e9couvrez le body contouring \u00e0 Paris chez EffiScience Paris : toutes les technologies de pointe au service de votre silhouette.\",\"breadcrumb\":{\"@id\":\"http:\/\/www.celsyus.effiscience.paris\/index.php\/body-contouring-a-paris\/#breadcrumb\"},\"inLanguage\":\"en-US\",\"potentialAction\":[{\"@type\":\"ReadAction\",\"target\":[\"http:\/\/www.celsyus.effiscience.paris\/index.php\/body-contouring-a-paris\/\"]}]},{\"@type\":\"ImageObject\",\"inLanguage\":\"en-US\",\"@id\":\"http:\/\/www.celsyus.effiscience.paris\/index.php\/body-contouring-a-paris\/#primaryimage\",\"url\":\"http:\/\/www.celsyus.effiscience.paris\/wp-content\/uploads\/2026\/02\/Pratique-de-yoga-dans-une-studio-chauffe-1.jpeg\",\"contentUrl\":\"http:\/\/www.celsyus.effiscience.paris\/wp-content\/uploads\/2026\/02\/Pratique-de-yoga-dans-une-studio-chauffe-1.jpeg\",\"width\":1536,\"height\":1024,\"caption\":\"Body contouring \u00e0 Paris amincissement cellulite mad\u00e9roth\u00e9rapie cryolipolyse drainage renata fran\u00e7a\"},{\"@type\":\"BreadcrumbList\",\"@id\":\"http:\/\/www.celsyus.effiscience.paris\/index.php\/body-contouring-a-paris\/#breadcrumb\",\"itemListElement\":[{\"@type\":\"ListItem\",\"position\":1,\"name\":\"Home\",\"item\":\"http:\/\/www.celsyus.effiscience.paris\/\"},{\"@type\":\"ListItem\",\"position\":2,\"name\":\"Body contouring \u00e0 Paris &#8211; Les soins\"}]},{\"@type\":\"WebSite\",\"@id\":\"http:\/\/www.celsyus.effiscience.paris\/#website\",\"url\":\"http:\/\/www.celsyus.effiscience.paris\/\",\"name\":\"EffiScience\",\"description\":\"\",\"publisher\":{\"@id\":\"http:\/\/www.celsyus.effiscience.paris\/#organization\"},\"potentialAction\":[{\"@type\":\"SearchAction\",\"target\":{\"@type\":\"EntryPoint\",\"urlTemplate\":\"http:\/\/www.celsyus.effiscience.paris\/?s={search_term_string}\"},\"query-input\":{\"@type\":\"PropertyValueSpecification\",\"valueRequired\":true,\"valueName\":\"search_term_string\"}}],\"inLanguage\":\"en-US\"},{\"@type\":[\"Organization\",\"Place\"],\"@id\":\"http:\/\/www.celsyus.effiscience.paris\/#organization\",\"name\":\"EffiScience Paris\",\"alternateName\":\"EffiScience\",\"url\":\"http:\/\/www.celsyus.effiscience.paris\/\",\"logo\":{\"@id\":\"http:\/\/www.celsyus.effiscience.paris\/index.php\/body-contouring-a-paris\/#local-main-organization-logo\"},\"image\":{\"@id\":\"http:\/\/www.celsyus.effiscience.paris\/index.php\/body-contouring-a-paris\/#local-main-organization-logo\"},\"sameAs\":[\"https:\/\/www.facebook.com\/EffiscienceParis\/\",\"https:\/\/www.instagram.com\/effiscience_paris\/\"],\"telephone\":[],\"openingHoursSpecification\":[{\"@type\":\"OpeningHoursSpecification\",\"dayOfWeek\":[\"Monday\",\"Tuesday\",\"Wednesday\",\"Thursday\",\"Friday\",\"Saturday\",\"Sunday\"],\"opens\":\"09:00\",\"closes\":\"17:00\"}]},{\"@type\":\"ImageObject\",\"inLanguage\":\"en-US\",\"@id\":\"http:\/\/www.celsyus.effiscience.paris\/index.php\/body-contouring-a-paris\/#local-main-organization-logo\",\"url\":\"http:\/\/www.celsyus.effiscience.paris\/wp-content\/uploads\/2025\/12\/EffiScienceLogoCarre.png\",\"contentUrl\":\"http:\/\/www.celsyus.effiscience.paris\/wp-content\/uploads\/2025\/12\/EffiScienceLogoCarre.png\",\"width\":330,\"height\":331,\"caption\":\"EffiScience Paris\"}]}<\/script>\n<!-- \/ Yoast SEO Premium plugin. -->","yoast_head_json":{"title":"Body contouring \u00e0 Paris - Les soins - EffiScience","description":"D\u00e9couvrez le body contouring \u00e0 Paris chez EffiScience Paris : toutes les technologies de pointe au service de votre silhouette.","robots":{"index":"index","follow":"follow","max-snippet":"max-snippet:-1","max-image-preview":"max-image-preview:large","max-video-preview":"max-video-preview:-1"},"canonical":"http:\/\/www.celsyus.effiscience.paris\/index.php\/body-contouring-a-paris\/","og_locale":"en_US","og_type":"article","og_title":"Body contouring \u00e0 Paris - Les soins","og_description":"D\u00e9couvrez le body contouring \u00e0 Paris chez EffiScience Paris : toutes les technologies de pointe au service de votre silhouette.","og_url":"http:\/\/www.celsyus.effiscience.paris\/index.php\/body-contouring-a-paris\/","og_site_name":"EffiScience","article_publisher":"https:\/\/www.facebook.com\/EffiscienceParis\/","article_modified_time":"2026-04-24T13:22:38+00:00","og_image":[{"url":"http:\/\/www.celsyus.effiscience.paris\/wp-content\/uploads\/2026\/02\/Pratique-de-yoga-dans-une-studio-chauffe-1.jpeg","type":"","width":"","height":""}],"twitter_card":"summary_large_image","twitter_misc":{"Est. reading time":"4 minutes"},"schema":{"@context":"https:\/\/schema.org","@graph":[{"@type":"WebPage","@id":"http:\/\/www.celsyus.effiscience.paris\/index.php\/body-contouring-a-paris\/","url":"http:\/\/www.celsyus.effiscience.paris\/index.php\/body-contouring-a-paris\/","name":"Body contouring \u00e0 Paris - Les soins - EffiScience","isPartOf":{"@id":"http:\/\/www.celsyus.effiscience.paris\/#website"},"primaryImageOfPage":{"@id":"http:\/\/www.celsyus.effiscience.paris\/index.php\/body-contouring-a-paris\/#primaryimage"},"image":{"@id":"http:\/\/www.celsyus.effiscience.paris\/index.php\/body-contouring-a-paris\/#primaryimage"},"thumbnailUrl":"http:\/\/www.celsyus.effiscience.paris\/wp-content\/uploads\/2026\/02\/Pratique-de-yoga-dans-une-studio-chauffe-1.jpeg","datePublished":"2025-12-23T18:25:34+00:00","dateModified":"2026-04-24T13:22:38+00:00","description":"D\u00e9couvrez le body contouring \u00e0 Paris chez EffiScience Paris : toutes les technologies de pointe au service de votre silhouette.","breadcrumb":{"@id":"http:\/\/www.celsyus.effiscience.paris\/index.php\/body-contouring-a-paris\/#breadcrumb"},"inLanguage":"en-US","potentialAction":[{"@type":"ReadAction","target":["http:\/\/www.celsyus.effiscience.paris\/index.php\/body-contouring-a-paris\/"]}]},{"@type":"ImageObject","inLanguage":"en-US","@id":"http:\/\/www.celsyus.effiscience.paris\/index.php\/body-contouring-a-paris\/#primaryimage","url":"http:\/\/www.celsyus.effiscience.paris\/wp-content\/uploads\/2026\/02\/Pratique-de-yoga-dans-une-studio-chauffe-1.jpeg","contentUrl":"http:\/\/www.celsyus.effiscience.paris\/wp-content\/uploads\/2026\/02\/Pratique-de-yoga-dans-une-studio-chauffe-1.jpeg","width":1536,"height":1024,"caption":"Body contouring \u00e0 Paris amincissement cellulite mad\u00e9roth\u00e9rapie cryolipolyse drainage renata fran\u00e7a"},{"@type":"BreadcrumbList","@id":"http:\/\/www.celsyus.effiscience.paris\/index.php\/body-contouring-a-paris\/#breadcrumb","itemListElement":[{"@type":"ListItem","position":1,"name":"Home","item":"http:\/\/www.celsyus.effiscience.paris\/"},{"@type":"ListItem","position":2,"name":"Body contouring \u00e0 Paris &#8211; Les soins"}]},{"@type":"WebSite","@id":"http:\/\/www.celsyus.effiscience.paris\/#website","url":"http:\/\/www.celsyus.effiscience.paris\/","name":"EffiScience","description":"","publisher":{"@id":"http:\/\/www.celsyus.effiscience.paris\/#organization"},"potentialAction":[{"@type":"SearchAction","target":{"@type":"EntryPoint","urlTemplate":"http:\/\/www.celsyus.effiscience.paris\/?s={search_term_string}"},"query-input":{"@type":"PropertyValueSpecification","valueRequired":true,"valueName":"search_term_string"}}],"inLanguage":"en-US"},{"@type":["Organization","Place"],"@id":"http:\/\/www.celsyus.effiscience.paris\/#organization","name":"EffiScience Paris","alternateName":"EffiScience","url":"http:\/\/www.celsyus.effiscience.paris\/","logo":{"@id":"http:\/\/www.celsyus.effiscience.paris\/index.php\/body-contouring-a-paris\/#local-main-organization-logo"},"image":{"@id":"http:\/\/www.celsyus.effiscience.paris\/index.php\/body-contouring-a-paris\/#local-main-organization-logo"},"sameAs":["https:\/\/www.facebook.com\/EffiscienceParis\/","https:\/\/www.instagram.com\/effiscience_paris\/"],"telephone":[],"openingHoursSpecification":[{"@type":"OpeningHoursSpecification","dayOfWeek":["Monday","Tuesday","Wednesday","Thursday","Friday","Saturday","Sunday"],"opens":"09:00","closes":"17:00"}]},{"@type":"ImageObject","inLanguage":"en-US","@id":"http:\/\/www.celsyus.effiscience.paris\/index.php\/body-contouring-a-paris\/#local-main-organization-logo","url":"http:\/\/www.celsyus.effiscience.paris\/wp-content\/uploads\/2025\/12\/EffiScienceLogoCarre.png","contentUrl":"http:\/\/www.celsyus.effiscience.paris\/wp-content\/uploads\/2025\/12\/EffiScienceLogoCarre.png","width":330,"height":331,"caption":"EffiScience Paris"}]}},"_links":{"self":[{"href":"http:\/\/www.celsyus.effiscience.paris\/index.php\/wp-json\/wp\/v2\/pages\/183","targetHints":{"allow":["GET"]}}],"collection":[{"href":"http:\/\/www.celsyus.effiscience.paris\/index.php\/wp-json\/wp\/v2\/pages"}],"about":[{"href":"http:\/\/www.celsyus.effiscience.paris\/index.php\/wp-json\/wp\/v2\/types\/page"}],"author":[{"embeddable":true,"href":"http:\/\/www.celsyus.effiscience.paris\/index.php\/wp-json\/wp\/v2\/users\/1"}],"replies":[{"embeddable":true,"href":"http:\/\/www.celsyus.effiscience.paris\/index.php\/wp-json\/wp\/v2\/comments?post=183"}],"version-history":[{"count":34,"href":"http:\/\/www.celsyus.effiscience.paris\/index.php\/wp-json\/wp\/v2\/pages\/183\/revisions"}],"predecessor-version":[{"id":701,"href":"http:\/\/www.celsyus.effiscience.paris\/index.php\/wp-json\/wp\/v2\/pages\/183\/revisions\/701"}],"wp:attachment":[{"href":"http:\/\/www.celsyus.effiscience.paris\/index.php\/wp-json\/wp\/v2\/media?parent=183"}],"curies":[{"name":"wp","href":"https:\/\/api.w.org\/{rel}","templated":true}]}}